base 2.
-1100111011011001111
What is 404aa (base 12) in base 11?
57936
5230225 (base 6) to base 5
31042214
-404435211 (base 6) to base 3
-111001122120221
-838acc (base 15) to base 13
-13b0882
-6203621 (base 8) to base 2
-110010000011110010001
What is 63b9d (base 14) in base 7?
2022456
2550 (base 6) to base 10
642
1110101001100101100 (base 2) to base 9
811442
-1275337 (base 9) to base 16
-aabfc
-10264484 (base 9) to base 2
-10010110110111110000101
What is -3819733 (base 10) in base 5?
-1434212413
What is -11203001112 (base 4) in base 2?
-101100011000001010110
What is 3321011122 (base 4) in base 6?
33511214
500164 (base 8) to base 15
338a6
Convert -5646425 (base 7) to base 5.
-134412324
What is 460202 (base 8) in base 7?
1216110
What is -2455023 (base 6) in base 4?
-200032113
-1670724 (base 8) to base 6
-14242432
What is 4406051 (base 7) in base 9?
1012558
-1222121201022 (base 3) to base 8
-4015230
Convert 115331551 (base 6) to base 5.
1032023400
Convert -6b438 (base 15) to base 5.
-41414303
What is 20122122122202 (base 3) in base 5?
1401124004
What is 102305222 (base 6) in base 3?
10101022121012
What is 482140 (base 10) in base 13?
13b5b9
Convert -107745 (base 12) to base 9.
-438338
Convert 1ed59 (base 16) to base 15.
2764c
What is -264086 (base 10) in base 13?
-93284
Convert 4214500 (base 7) to base 16.
7c144
Convert -48935 (base 11) to base 3.
-10120111011
Convert -6291c (base 14) to base 2.
-111010000011001110
402158 (base 10) to base 3
202102122202
-112212102002 (base 3) to base 13
-a326b
-2674aa (base 11) to base 12
-182b91
Convert -204748 (base 9) to base 16.
-1db19
What is -110100010101110011011110 (base 2) in base 9?
-27732351
What is 1311343 (base 6) in base 9?
118230
What is -558107 (base 10) in base 16?
-8841b
Convert 138485 (base 11) to base 10.
216199
Convert -654885 (base 10) to base 11.
-408030
1a8804 (base 13) to base 7
5513236
Convert -12472e (base 15) to base 7.
-10305122
24474 (base 16) to base 10
148596
What is -1b639 (base 16) in base 3?
-12200220000
What is da916 (base 14) in base 10?
528632
-3434560 (base 8) to base 13
-268404
-10100101001100011101 (base 2) to base 11
-422405
What is -24c526 (base 14) in base 15?
-19e46e
What is 85a7c (base 15) in base 5?
102033432
What is 110100001000011111001001 (base 2) in base 12?
46b0861
What is -131053254 (base 6) in base 11?
-14a8407
-42909 (base 11) to base 14
-189da
What is -11110111000101011000111 (base 2) in base 12?
-2865547
-2678 (base 15) to base 6
-102005
-2603344 (base 7) to base 16
-525c4
-7336883 (base 9) to base 15
-527129
Convert -558a17 (base 12) to base 3.
-2120020212001
What is -199556 (base 10) in base 5?
-22341211
18747 (base 11) to base 5
1314222
Convert -27126 (base 10) to base 5.
-1332001
Convert 30474600 (base 9) to base 13.
3055137
-215911 (base 10) to base 8
-645547
Convert 137c3 (base 16) to base 2.
10011011111000011
Convert 30200 (base 9) to base 13.
9057
Convert 1226650 (base 7) to base 10.
158452
What is 41050362 (base 8) in base 2?
100001000101000011110010
101214341 (base 5) to base 10
413721
Convert 2d4d98 (base 14) to base 11.
995696
What is 3808797 (base 11) in base 14?
c42860
What is -6b4c8 (base 15) in base 2?
-1010011011111001011
Convert -3502065 (base 11) to base 10.
-6122671
144236 (base 7) to base 10
27908
Convert -16200 (base 14) to base 2.
-1101011111101000
What is -1a46b0 (base 15) in base 12?
-519140
What is 5378070 (base 9) in base 16?
2c0a1e
What is 1141661 (base 9) in base 16?
96e14
What is 17deb (base 16) in base 7?
555022
Convert -2576731 (base 9) to base 5.
-330042043
What is -440717a (base 11) in base 2?
-11101100001101001000101
87c9b5 (base 15) to base 16
62c186
What is 5a661 (base 11) in base 10?
87308
What is 36533 (base 14) in base 3?
20202002012
Convert 10148a (base 12) to base 4.
331111222
Convert -16d2d64 (base 14) to base 13.
-2444cc6
-39041 (base 16) to base 5
-24433122
2302224 (base 5) to base 9
62137
120bbb (base 13) to base 2
1101001000101011100
What is -8516 (base 11) in base 16?
-2c06
79614 (base 15) to base 2
1011110010001000111
220223333 (base 4) to base 7
1262606
What is 1795 (base 10) in base 3?
2110111
What is 15ab9 (base 13) in base 15?
c3e3
-1021312333 (base 4) to base 14
-7c371
What is -212132313321 (base 4) in base 11?
-5770235
What is -62d54 (base 15) in base 12?
-131514
What is 110101101000000000111 (base 2) in base 5?
422212231
-10113201 (base 5) to base 13
-2b5cb
What is 88258 (base 10) in base 12?
430aa
What is 62a969 (base 13) in base 4?
20303211222
Convert 440556 (base 7) to base 12.
38766
Convert -50672 (base 10) to base 11.
-35086
-2ce29d (base 16) to base 13
-7bcbb9
Convert a53bc (base 16) to base 9.
1241345
What is 20332222110 (base 4) in base 15?
31765c
48a09 (base 14) to base 2
101011010110110001
What is 131164 (base 15) in base 16?
df600
What is -1091953 (base 10) in base 2?
-100001010100101110001
What is -445a33 (base 11) in base 9?
-1302762
What is a30db (base 15) in base 7?
4251032
Convert -364965 (base 12) to base 16.
-d6a5d
What is -1011101111100100110 (base 2) in base 7?
-3161612
What is -20989 (base 11) in base 5?
-1433333
42203210 (base 5) to base 3
122210200220
What is 1365311 (base 9) in base 13?
2042aa
What is -205a6 (base 14) in base 16?
-13086
-364918 (base 11) to base 4
-2030332113
-42163342 (base 7) to base 9
-6627884
35b4d2 (base 15) to base 8
11632400
Convert -52274 (base 12) to base 14.
-2b276
What is -268540 (base 14) in base 12?
-541210
What is 23631515 (base 7) in base 5?
1014434203
What is -47a54a8 (base 11) in base 15?
-b042cd
What is -6353514 (base 8) in base 10?
-1693516
-db27 (base 14) to base 6
-451143
Convert -191662 (base 15) to base 9.
-2258242
What is 239945 (base 11) in base 12?
1634b2
What is -135708 (base 10) in base 11?
-92a61
Convert -540503534 (base 6) to base 15.
-c8bd04
What is 106216 (base 9) in base 11?
43869
1164275 (base 9) to base 8
2324252
-202000110020 (base 3) to base 6
-12240010
-2aa765 (base 12) to base 10
-723389
Convert 2c673 (base 15) to base 11.
9865a
Convert -4799994 (base 10) to base 14.
-8cd3aa
What is 1060cc0 (base 14) in base 5?
3441400202
-12a516 (base 11) to base 5
-23014030
Convert -374795 (base 11) to base 10.
-591915
-1121301313 (base 4) to base 11
-231315
What is 1111100101000011110 (base 2) in base 11?
3195a6
What is -b2c4 (base 14) in base 16?
-781c
Convert -102322103 (base 4) to base 10.
-77459
What is 84a426 (base 12) in base 9?
3836873
196181 (base 11) to base 9
507822
What is 2202303130 (base 4) in base 11?
416012
Convert 996798 (base 13) to base 9.
6716310
Convert -1000511 (base 9) to base 14.
-dbb7a
-108882 (base 10) to base 12
-53016
-2202663 (base 8) to base 7
-5011600
Convert -1100001010001001 (base 2) to base 11.
-34464
What is 490583 (base 10) in base 11?
305645
Convert 13745274 (base 9) to base 2.
11010000001001110010001
Convert 42312024 (base 6) to base 14.
2432da
605155 (base 8) to base 12
973a5
What is -165401 (base 11) in base 9?
-430185
What is -114114155 (base 7) in base 3?
-111022200101202
-1001 (base 6) to base 11
-188
-276587 (base 12) to base 5
-131412012
Convert 2403743 (base 8) to base 15.
ceba4
What is -4c2057 (base 15) in base 13?
-9ab262
What is -b1542 (base 15) in base 7?
-4525562
What is -12304465 (base 8) in base 5?
-1144101401
Convert 106278 (base 9) to base 16.
f8a8
Convert 92940 (base 14) to base 2.
1010110001100011100
What is -10a782 (base 12) in base 8?
-1011722
-61643540 (base 7) to base 13
-10c0679
Convert 3c71de (base 16) to base 6.
220523222
-10423004 (base 7) to base 9
-1615818
What is 1a307 (base 11) in base 3?
1102211221
-192184c (base 13) to base 8
-37310475
What is -13641501 (base 8) in base 14?
-5a8b17
Convert -1893314 (base 11) to base 7.
-36111050
What is 10000213203 (base 4) in base 8?
4004743
Convert -102101011120020 (base 3) to base 5.
-3021433013
23003122 (base 4) to base 13
177b8
What is 4240435 (base 6) in base 8?
625247
Convert 6b042b (base 12) to base 8.
6442543
-a07f (base 16) to base 3
-2002100202
1111120022 (base 3) to base 14
aac5
Convert -111100010000010100011 (base 2) to base 6.
-110152523
What is -12106475 (base 8) in base 3?
-12000000112112
What is -9c8e5 (base 16) in base 13?
-195b52
Convert -123142630 (base 7) to base 13.
-17ca9c7
What is -34097 (base 14) in base 